2 + 2*r + 3. Let h be b(-4). Let m = 4 + h. What is the greatest common factor of g and m?
3
Let p(x) = -x**3 - 4*x**2 - 5*x + 4. Let c be p(-4). What is the highest common divisor of c and 56?
8
Let n be ((-162)/15)/((-3)/(-10)). Let y be n/(-10) + (-6)/(-15). Calculate the highest common divisor of y and 20.
4
Let d be 3/(0 + (-3)/(-15)). Let y(p) = -3*p - 10. Let b be y(-5). Calculate the highest common factor of b and d.
5
Let o be (-4)/6 + (-14)/(-3). Suppose 0 = -p - 4*y + 47 + 11, -o*y - 242 = -5*p. Calculate the greatest common divisor of 10 and p.
10
Let g = 5 + -6. Let n be g + (2 - 2) + 7. What is the greatest common divisor of n and 2?
2
Let t = 65 - 59. Calculate the highest common factor of t and 66.
6
Suppose -2*s - 64 = -3*s - 3*r, -192 = -3*s - 5*r. What is the greatest common factor of s and 16?
16
Let y(q) = q - 5. Let x be y(-5). Let t be 75/(-10)*8/x. What is the greatest common factor of t and 15?
3
Suppose 2*t = 3*t - 8. Suppose 2*i + 4*d - 3*d = 645, 5*d = -3*i + 985. Suppose 4*h - i = -h. What is the highest common divisor of h and t?
8
Let r be 1*-7*14*1. Let w = -50 - r. Suppose -2*c + 15 - 3 = 0. Calculate the greatest common factor of c and w.
6
Suppose 58 + 8 = 2*o. Let s be 258/o + (-6)/(-33). What is the highest common divisor of s and 12?
4
Let s(a) = -a**2 + 7*a - 3. Let j be s(7). Let l be 9/6 + j/(-6). What is the highest common divisor of l and 22?
2
Suppose 2*a = 30 + 68. Let i = -5 + 12. What is the highest common divisor of i and a?
7
Let u = 42 + -17. Let v(m) = m**2 - 2*m - 5. Let p be v(5). What is the highest common factor of p and u?
5
Let u = 1 - -2. Suppose u*i = 2*c + 64, -3*c - 46 = -3*i + i. Let f = -111 + 161. Calculate the highest common factor of i and f.
10
Let v(c) = -4*c**3 - 4*c**2 + 3. Let o be v(-3). What is the highest common divisor of 15 and o?
15
Suppose 49*t - 55*t = -924. Let l be (-7*2)/(1/(-1)). Calculate the greatest common divisor of l and t.
14
Let l(q) = -q**2 + 11*q - 6. Let t be l(5). Calculate the highest common divisor of 36 and t.
12
Suppose 2 = 4*i - 18. Calculate the greatest common factor of i and 55.
5
Suppose 560 = y + 3*y. Suppose 0 = -5*h + 2*h + 60. Let d be (32/h)/(4/50). What is the greatest common divisor of d and y?
20
Let f(o) = -24*o. Let w be f(-6). Let b = 20 + -4. Calculate the highest common factor of b and w.
16
Let w(d) = 9*d**3 - d**2 - 2. Let r be w(2). What is the highest common factor of r and 22?
22
Let s(m) be the third derivative of -m**6/120 + m**5/10 - m**4/24 + m**3/2 + 2*m**2. Let d be s(3). What is the greatest common divisor of d and 3?
3
Let r(s) = 2*s**2 - 11*s + 9 - 5*s**2 - 3*s**2 - 5*s**2 + s**3. Let v be r(12). Let t be 733/7 - (-4)/14. Calculate the highest common divisor of t and v.
21
Let p(s) = s**2 + s + 2. Let k be p(-7). What is the highest common factor of k and 11?
11
Suppose -4*n + 28 = 4*s, -4*n + 2*s + 64 = -3*s. What is the highest common divisor of n and 44?
11
Let v = -1 + 1. Suppose l - 6 = -v*l. Calculate the highest common divisor of l and 6.
6
Suppose 3*x - 3 = -2*b + 5, 5*x = 5*b - 20. Suppose -b*m - 43 = -3*u + 1, 10 = -5*m. What is the highest common factor of u and 60?
12
Let d(s) = s + 2. Let k be d(6). Let v be (-2)/3*18/(-4). Suppose a - v*a + 80 = 0. Calculate the highest common divisor of k and a.
8
Let h = 74 + -44. What is the highest common divisor of 6 and h?
6
Let g(p) = -p**2 - 21*p - 18. Let z be g(-17). Calculate the greatest common divisor of 25 and z.
25
Let w(a) = 2*a + 4. Let u be w(4). Let h = 0 + u. Calculate the highest common divisor of h and 96.
12
Let h = -32 - -39. Suppose 0 = 5*n + 2*q - 3*q - 245, -5*n - q + 245 = 0. What is the highest common divisor of n and h?
7
Let w(o) be the second derivative of o**4/12 + 2*o**3/3 - 2*o**2 - 8*o. Let z be w(-7). Calculate the greatest common divisor of z and 51.
17
Suppose 5*v - 3*h - 12 = -4*h, -9 = 2*v + 5*h. What is the greatest common divisor of v and 1?
1
Suppose -3*y + 10 = 4*q - 29, -3*q = -4*y - 48. What is the highest common divisor of 24 and q?
12
Suppose 4*r + 14 = -4*l - 2, 3*r - 5*l - 20 = 0. Suppose -5*h = g - 23, -6 = -h + g + 1. Suppose 5 = -r*z + h*z. What is the greatest common divisor of 7 and z?
1
Suppose -7*x - 5*w = -8*x + 39, -w = -2*x + 51. Let o = 54 + -18. Calculate the highest common divisor of o and x.
12
Let j = 21 + -5. Calculate the highest common divisor of j and 112.
16
Let a be ((-9)/15)/((-3)/15). Suppose -l = 4*k - 3*l - 284, -a*l - 146 = -2*k. Suppose -3*h + h = -k. What is the highest common divisor of h and 7?
7
Suppose 94 - 319 = -3*r. What is the greatest common divisor of 30 and r?
15
Let i = -3 - -4. Let p be 0 + 10/i - 2. Calculate the highest common factor of p and 72.
8
Let g be 28/(2 - 4)*(1 + -2). Calculate the highest common factor of 56 and g.
14
Let l be -5 - (-22 + 4 + 1). Calculate the highest common factor of 2 and l.
2
Suppose 2*j - 56 = -2*j. Suppose 0 = -2*n + t - 15, n + n = 2*t - j. Let h be 47/9 + n/36. Calculate the highest common divisor of h and 10.
5
Let r(v) = 4*v + 2. Let p be r(1). Calculate the greatest common factor of p and 21.
3
Let n = -27 + 60. Calculate the highest common divisor of 22 and n.
11
Let o(x) = x + 1. Let q be o(4). Calculate the highest common divisor of 45 and q.
5
Let h(z) = z**2 - 5*z - 3. Let g be h(6). Let c = g - -13. Let x(u) = -22*u + 2. Let b be x(-5). What is the highest common divisor of b and c?
16
Let d(y) = -2*y + 8. Let b be d(6). Let q be b/(-14) - 173/(-7). What is the highest common divisor of 5 and q?
5
Suppose -2*u = -y + 33, u + 6 = 2. What is the greatest common factor of 5 and y?
5
Let r be 3*2*(-45)/(-10). Let b = r - 1. What is the highest common factor of b and 78?
26
Suppose 2*i = 5*r - 13, 3*r - 2*r = 2*i + 1. Suppose -r*m + 15 = -6. What is the greatest common divisor of 7 and m?
7
Let n = 9 + -2. Let p be n/((-14)/(-12)) - -1. Calculate the highest common factor of p and 77.
7
Suppose i - 36 = 4*b, 2 + 54 = -4*b - 4*i. Suppose -5*y = -4*y + 8. Let n be 5*y*3/b. Calculate the highest common factor of 3 and n.
3
Let u(p) = -p**3 - 10*p**2 + 8*p - 9. Let r be u(-11). Calculate the highest common factor of 168 and r.
24
Suppose 5 - 10 = -5*x. Let c be (2*22)/(-2 + x). Let q be (c/(-6))/(2/9). What is the highest common factor of 3 and q?
3
Suppose 2 = -i, 2 + 4 = g - 3*i. Suppose n = -g*n + 22. Calculate the greatest common divisor of n and 110.
22
Let k(o) = 4*o**2 - 11*o + 16. Let x be k(7). Calculate the greatest common divisor of 15 and x.
15
Let g = 4 - 6. Let u be (5/g)/(2/(-12)). Suppose -14 = -c + 1. Calculate the greatest common divisor of c and u.
15
Let c = 107 - 55. What is the highest common factor of c and 13?
13
Suppose -21 = -p + 219. Suppose -k - p = -4*k. Calculate the greatest common factor of k and 10.
10
Suppose 5*w - 23 - 26 = -2*q, -w - 2*q + 5 = 0. Suppose 0 = -z + 17 - 16. Calculate the greatest common factor of w and z.
1
Let g be ((-42)/(-9))/2*3. Suppose 0 = -x - 4*x + 315. Calculate the greatest common divisor of x and g.
7
Suppose r + 4*v - 8 - 2 = 0, 0 = -5*r - 5*v + 35. Calculate the greatest common divisor of r and 3.
3
Suppose 362 = 8*k + 138. Calculate the greatest common factor of k and 42.
14
Suppose -2*a + 20 = -5*s, 0 = -2*a + 3*s - 7*s + 2. Suppose 0 = a*c - 3*c - 196. What is the greatest common factor of c and 14?
14
Let k(q) = 2*q**2 - 8*q + 3. Let z be k(7). Let g = -9 - -14. Calculate the greatest common factor of z and g.
5
Let c = -22 - -37. What is the greatest common factor of 3 and c?
3
Let m be -2 + (0 + 3)*1. Let s be (3 - m)/(7/14). Suppose 5*o - 5*r - 66 - 104 = 0, 0 = s*o + 3*r - 150. What is the greatest common factor of 54 and o?
18
Suppose 0*a + a + 5 = 0. Let c = 3 - a. Suppose -y = 2*y - 72. Calculate the highest common factor of y and c.
8
Let f(w) = -3*w**3 - 3*w**2 - 3*w - 2. Let u be f(-2). Let b = u + -5. Calculate the highest common divisor of b and 55.
11
Let g be ((-5)/15)/((-2)/276). What is the greatest common divisor of g and 69?
23
Suppose -y + 119 = -x, 14*y - 18*y + 5*x = -480. What is the highest common factor of y and 23?
23
Let b(y) = y**2 + 3*y + 6. Let x be b(-8). Calculate the greatest common divisor of x and 23.
23
Suppose -4*s + 0 = -68. What is t